e
Suppose 44*s = 24*s + 317380. Is s composite?
True
Let d be (-13)/(-2) - 5/(-10) - 3. Suppose w = -d*c + 717, 4*w + 432 = 2*c + 78. Is c a prime number?
True
Suppose 2*j - 5*r = 1147 + 2406, 0 = -j + 5*r + 1774. Is j composite?
True
Is (6 + 6/18)*10347 a composite number?
True
Let u(w) = -w**2 + 8*w - 3. Let g be u(8). Let z = -33 - -69. Let d = g + z. Is d a prime number?
False
Let j(y) be the third derivative of -y**5/60 - 11*y**4/12 - 25*y**3/6 + 12*y**2. Is j(-14) a prime number?
False
Let v(r) = 3*r**3 - 5*r**2 + 12*r + 6. Let c be v(7). Let a = 1580 - c. Is a a composite number?
True
Let b = -2338 - -3737. Is b a prime number?
True
Let l = -37072 - -66683. Is l a composite number?
False
Let z be 2/9 + 340/90. Suppose -z*c + 199 + 177 = 0. Is c a prime number?
False
Let q(n) = 27393*n + 10. Is q(3) a composite number?
False
Let b(y) = -y**3 + 16*y**2 + 14*y - 127. Is b(-14) a prime number?
True
Suppose -3*i + 5*a + 5 = 13, -2*i - 8 = -4*a. Suppose 2*t + i = -3*b + 11, b - 3 = -t. Is -55*b/(0 - 1) composite?
True
Let k(f) = 302*f - 125. Is k(2) composite?
False
Suppose 4*o + o + 20 = 0. Suppose 639 = 41*c - 22444. Is c/o*(-20)/5 a prime number?
True
Let p = 11 - 23. Let w be 224/p + (-10)/(-15). Is 2/9 + (-2282)/w composite?
False
Let h = 568 - 321. Is h a prime number?
False
Let d(l) = 29*l**2 + 12*l - 65. Is d(-12) a composite number?
False
Suppose t - 18 = 4*h, -2*t + 5*h + 24 = -0*h. Suppose -y = t*s - 2823, -574 = -s - 4*y + 855. Is s a composite number?
False
Let o be (-104)/(-12)*(-87)/(-2) - 3. Is o - 7/((-21)/(-9)) a prime number?
False
Let t(x) be the third derivative of x**5/60 + x**4/8 - 3*x**3/2 + 34*x**2. Is t(5) composite?
False
Let c = -7 - -5. Let f = 5 + c. Suppose 0 = -f*n + h + 1166, -105 = n + h - 495. Is n composite?
False
Let k(z) = -2*z - 3. Let a be k(-3). Let m be (666 + 0)*((-133)/(-14) + -9). Suppose -a*g + 114 + m = 0. Is g composite?
False
Let j = 10802 + -4363. Is j prime?
False
Let g(w) = -4196*w - 103. Is g(-6) a composite number?
False
Suppose 567*n - 558*n - 157203 = 0. Is n prime?
True
Is 5*(-63)/(-45) - -16479 composite?
True
Let a(l) = -320*l - 431. Is a(-9) prime?
False
Let j be 4 + 4/(-1) - (-2215)/1. Suppose -5*c - 1329 = -3*r, 0 = 5*r + 4*c - 5*c - j. Is r prime?
True
Suppose -3*n - y + 422 = -2*y, -2*n = 3*y - 296. Suppose -2*a = -388 + n. Suppose s + 3*m - 46 - 32 = 0, 2*s - a = 5*m. Is s a prime number?
False
Let l(f) be the third derivative of -11/6*f**3 + 7/30*f**5 + 5/8*f**4 + 0 + 1/120*f**6 + 0*f - 3*f**2. Is l(-12) a prime number?
True
Suppose t + 5 = -0, -5*t = 2*q + 17. Let a(p) = 4*p**2 - 5*p + 5. Is a(q) a composite number?
True
Suppose 3*w - 15 = -6. Let s = -28 + 31. Suppose -w*x = -s*i - 27, 4*x + i - 33 = -x. Is x a prime number?
True
Let t(s) = 961*s**2 + 5*s - 7. Is t(3) composite?
True
Let t(m) = m**2 - 18*m + 5. Let n be t(18). Let w(l) = 409*l + 6. Is w(n) composite?
True
Let s = 12 + -10. Suppose -s*n - n = -2148. Let m = n + -409. Is m a composite number?
False
Let s = 425 + 515. Suppose s = -p - 4*p. Let v = 366 + p. Is v a prime number?
False
Let s(c) = -c**3 + 6*c**2 + 8*c + 6. Let j be s(7). Suppose -3*n + 2*u = 2*n - 22, 2*n - 5*u = j. Suppose 2809 = n*q - r, 0*r = q + 2*r - 691. Is q composite?
False
Let l(g) = 120*g**2 - 3*g - 2. Let y = -30 + 34. Suppose 0 = 4*u - 4*z, -y*z = 5*u + z + 10. Is l(u) a composite number?
True
Let b(p) be the first derivative of p**4/4 + 3*p**3 + p**2 + 13*p - 8. Let w be b(-9). Is -1 - -2 - 230/w composite?
False
Let g(a) = 475*a + 24. Is g(1) prime?
True
Suppose 3*j - 5*a - 2 = -9, 0 = -2*j + 4*a - 8. Suppose j*z - 24474 = -4416. Is z a prime number?
True
Let z(o) = 677*o**2 - 17*o - 75. Is z(-7) a prime number?
False
Let j = -1 - -3. Let z(y) = 541 - 9*y**2 - 6*y**j + 16*y**2. Is z(0) composite?
False
Let x = 1086 + -68. Suppose 0 = -0*y - 3*y - u + x, 0 = -4*y - u + 1359. Is y composite?
True
Is 9*(-877)/(-9)*(-1 + 18) prime?
False
Suppose -3*q + d + 6291 = 0, q - 4*d = -7*d + 2107. Is q prime?
False
Let b = 229 + -74. Let t = -42 + b. Is t a composite number?
False
Let a(t) = 4*t**3 - 12*t**2 - 12*t**2 + 14*t**2 + 17 - 5*t**3 - t. Is a(-12) composite?
False
Let h(u) = u**2 - 9*u + 24. Let w be h(5). Is 487 - (0*w/4)/(-2) composite?
False
Let a(k) = k**3 + 7*k**2 + 4*k + 6. Let b be a(-6). Let o = b - 15. Suppose o*y - v - 234 = 0, 2*y + v = 4*v + 149. Is y composite?
False
Let i(w) = w**2 + 5*w - 2. Let n be i(-6). Is (-8)/(-6) - (10792/(-6))/n a composite number?
True
Let o(n) = 2*n - 1. Let f be o(-7). Let k be (54/f)/(1/5). Is 6/k*3*-217 a composite number?
True
Is 2788 - 11/(33/27) composite?
True
Let h(p) = 2*p - 8. Let s be h(6). Suppose -o + s*t + 45 = 0, -5 + 26 = o + 2*t. Let i = o - 15. Is i a composite number?
True
Suppose 13126 = 41*g - 39*g. Is g prime?
True
Let u(w) = -99*w + 6. Let p be u(-5). Suppose -3*b + 150 = -p. Is b prime?
False
Suppose 0 = -103*r + 104*r - 1039. Is r a composite number?
False
Suppose -2*o - o - 6 = -p, -3*o = p + 12. Is 239/(o*(-4)/24) prime?
False
Suppose 0 = a + 7*a + 1944. Let x = 422 + a. Is x composite?
False
Suppose 2*f = -3*x + 3*f + 1449, -3*x - f + 1455 = 0. Let t be 1752/2 + 1 + 6/3. Let o = t - x. Is o a prime number?
False
Suppose -8*a = -11*a + 14793. Let v = a - 3434. Is v a composite number?
True
Suppose 14*v + 3717 = 35*v. Is v a composite number?
True
Suppose -2*b = -1917 - 10325. Is b prime?
True
Let m(q) = -87*q**2 + 0*q - 1 - 2*q + 8*q + 264*q**2. Is m(-4) a composite number?
True
Let u be (-4005)/20*(-16)/(-6). Let i = 255 + u. Let n = 532 + i. Is n prime?
False
Let t(n) = -129*n + 1. Let o be t(-1). Let r = 239 - o. Is r a composite number?
False
Let h = -1348 - -730. Is (-24)/(-18)*h/(-4) a prime number?
False
Suppose -5*f + 13 = -4*y, -3*y + 3*f = -y + 9. Suppose -5*v + 2*w + 1801 = 634, -y*w + 247 = v. Is v a prime number?
False
Let b be -1*(484/(-77) + (-4)/(-14)). Let f(l) = 2*l**3 + 7*l**2 - l + 2. Let o(w) = 5*w**3 + 15*w**2 - w + 3. Let g(c) = -7*f(c) + 3*o(c). Is g(b) composite?
True
Is 189/63 + (2 - -91500) a prime number?
False
Suppose 0*a + 4*a = 3*b + 11901, -2*b - 6 = 0. Is a prime?
False
Let h(o) = -1037*o - 158. Is h(-3) a prime number?
True
Suppose -8*p + 7*p = -841. Is p a composite number?
True
Suppose 2*u - 4*s = 2154, 0*s + 4*s + 5361 = 5*u. Is u a prime number?
True
Suppose 345 = -3*h + 6*h. Let s(y) = 7*y + 8. Let b be s(-10). Let q = b + h. Is q prime?
True
Let h = 1900 + -1079. Is h a composite number?
False
Let r(z) = 0*z + 5*z**2 + 2*z - 7*z + 13. Is r(8) a composite number?
False
Let u = 13 + -9. Suppose 1 + 11 = u*p. Suppose 0 = -p*x + 18 + 147. Is x a prime number?
False
Suppose 11722 = 5*b - 89713. Is b composite?
False
Let p(g) = -2*g - 10. Let f be p(-7). Suppose -w + 177 = -5*j, -w + f*j + 108 = -69. Is w a composite number?
True
Suppose 0 = 5*v - 4*s + 7, -3*v + s - 9 = -3*s. Is (3694/18 + 2/(-9))*v a composite number?
True
Suppose 5*u + 17 = o, -3*u = -0*u - 5*o - 3. Let w = 9 + u. Suppose -2*a - g + 30 = 0, 3*g = w*a + g - 57. Is a prime?
True
Let y = -1203 + 9346. Is y prime?
False
Suppose -75*a = -31*a - 52228. Is a a composite number?
False
Suppose 8 - 23 = -5*j. Suppose -3*t + 6*t - 6 = -5*g, -3 = j*g + 4*t. Suppose -6*v + g*v - w = -575, w - 2 = 0. Is v a composite number?
False
Let g = 5720 + 3383. Is g a prime number?
True
Let c be (-7 - 112/(-12)) + 1/(-3). Is 2*(-6236)/(-16)*c composite?
False
Let l(z) = 24*z**3 + 8*z**2 - 19*z + 9. Is l(4) prime?
True
Let g = 61 - 56. Suppose g*r - 3793 = -3*l, 3*l - r - 4877 + 1096 = 0. Is l prime?
False
Suppose 0*r - 2511 = -5*y - 2*r, -2496 = -5*y + 3*r. Is y a prime number?
False
Suppose 5*n - 10 = -0. Let f(p) = 3 - 1 + 5*p - 3*p - 1 - 92*p**3 + n*p**2. Is f(-1) a prime number?
False
Let j(y) = y**2 - 7*y - 1. Let w be j(3). Is w/(-3*(-4)/(-132)) prime?
False
Let u = 2093 - 1206. Is u prime?
True
Let v = -21 + 24. Let r be 559/(((-1)/3)/1). Is (-2)/(r/(-561) - v) prime?
False
Is (3116/(-190))/((-4)/2510) composite?
True
Suppose 5*t - 2*t = -6. Let w = t - -4. Let k(r) = 13*r**3 + r**2 + 4*r - 3. Is k(w) composite?
False
Suppose -x = -2*x + 4. Let b = -4 + x. Is 119/(-7)*(-2 + b) a prime number?
False
Let a = -21 + 23. Suppose -2*y - a = -8. Suppose -3*k + 2*g + g + 240 = 0, y*k - 24